actor of 39878?
False
Does 34 divide 12580?
True
Is 1839 a multiple of 30?
False
Is 3674 a multiple of 15?
False
Is 5286 a multiple of 4?
False
Is 11 a factor of 29?
False
Is 810 a multiple of 5?
True
Does 97 divide 25414?
True
Is 80 a multiple of 53?
False
Is 98 a factor of 68110?
True
Does 3 divide 20?
False
Is 1320 a multiple of 120?
True
Is 51 a factor of 14535?
True
Is 29 a factor of 24226?
False
Does 262 divide 18078?
True
Is 21 a factor of 97952?
False
Is 254 a factor of 36322?
True
Does 3 divide 5?
False
Is 45 a multiple of 2?
False
Is 3315 a multiple of 71?
False
Is 14 a factor of 774?
False
Is 79 a factor of 7935?
False
Does 50 divide 1938?
False
Is 1554 a multiple of 7?
True
Is 2346 a multiple of 11?
False
Does 47 divide 625?
False
Is 9 a factor of 2375?
False
Is 103 a multiple of 59?
False
Does 108 divide 1456?
False
Is 3696 a multiple of 28?
True
Is 17472 a multiple of 7?
True
Is 596 a multiple of 5?
False
Is 3290 a multiple of 4?
False
Is 11 a factor of 33781?
True
Is 8 a factor of 4240?
True
Is 11 a factor of 902?
True
Does 90 divide 2250?
True
Is 36384 a multiple of 16?
True
Is 3090 a multiple of 7?
False
Is 5304 a multiple of 10?
False
Is 690 a multiple of 53?
False
Is 41 a factor of 943?
True
Does 35 divide 31325?
True
Is 6940 a multiple of 3?
False
Is 640 a multiple of 71?
False
Is 701 a multiple of 6?
False
Does 31 divide 1472?
False
Is 35871 a multiple of 11?
True
Does 20 divide 1068?
False
Is 16 a factor of 7664?
True
Is 1836 a multiple of 18?
True
Does 12 divide 876?
True
Does 3 divide 498?
True
Is 402 a multiple of 67?
True
Is 2 a factor of 133?
False
Is 11394 a multiple of 9?
True
Is 2507 a multiple of 14?
False
Does 6 divide 4208?
False
Is 104 a factor of 14274?
False
Is 11 a factor of 2024?
True
Is 166687 a multiple of 283?
True
Is 2540 a multiple of 5?
True
Does 19 divide 50388?
True
Is 661 a multiple of 16?
False
Is 8 a factor of 652?
False
Does 7 divide 296?
False
Does 53 divide 3922?
True
Does 488 divide 63928?
True
Does 3 divide 231?
True
Is 17 a factor of 730?
False
Is 61 a factor of 942?
False
Is 2818 a multiple of 60?
False
Does 10 divide 1010?
True
Is 12 a factor of 1250?
False
Is 500 a multiple of 34?
False
Does 29 divide 1044?
True
Is 13 a factor of 2197?
True
Does 7 divide 16147?
False
Is 72 a factor of 864?
True
Does 7 divide 126?
True
Is 76 a factor of 50583?
False
Does 11 divide 261?
False
Is 17 a factor of 6018?
True
Does 14 divide 37752?
False
Does 22 divide 748?
True
Is 4002 a multiple of 138?
True
Is 111 a factor of 72483?
True
Does 17 divide 51?
True
Does 6 divide 9012?
True
Does 58 divide 398?
False
Is 424 a multiple of 53?
True
Does 151 divide 5285?
True
Is 3 a factor of 18968?
False
Is 13 a factor of 11688?
False
Is 191 a factor of 12125?
False
Does 17 divide 2371?
False
Is 741 a multiple of 8?
False
Does 36 divide 914?
False
Is 624 a multiple of 8?
True
Is 6365 a multiple of 67?
True
Is 5084 a multiple of 24?
False
Is 32 a factor of 10789?
False
Is 9020 a multiple of 41?
True
Is 1015 a multiple of 42?
False
Is 50567 a multiple of 20?
False
Does 2 divide 3807?
False
Is 1072 a multiple of 17?
False
Does 2 divide 46?
True
Is 111 a factor of 3996?
True
Is 3 a factor of 136?
False
Is 168 a multiple of 14?
True
Is 17 a factor of 17210?
False
Does 17 divide 1309?
True
Does 17 divide 988?
False
Is 17 a factor of 862?
False
Is 13 a factor of 20228?
True
Does 8 divide 21706?
False
Does 97 divide 6385?
False
Is 59 a factor of 20753?
False
Is 11 a factor of 3059?
False
Is 8 a factor of 26715?
False
Is 2724 a multiple of 16?
False
Is 8 a factor of 920?
True
Does 34 divide 4284?
True
Does 39 divide 2652?
True
Does 9 divide 10785?
False
Does 4 divide 1196?
True
Is 54 a factor of 5698?
False
Does 9 divide 639?
True
Does 81 divide 19278?
True
Does 7 divide 525?
True
Is 2283 a multiple of 37?
False
Does 18 divide 276?
False
Does 2 divide 101?
False
Is 832 a multiple of 15?
False
Is 4284 a multiple of 119?
True
Is 141 a factor of 1269?
True
Does 70 divide 21280?
True
Is 3 a factor of 63?
True
Does 15 divide 19215?
True
Is 11 a factor of 390?
False
Does 114 divide 25901?
False
Is 46 a factor of 25476?
False
Is 1265 a multiple of 23?
True
Is 55 a multiple of 9?
False
Is 15 a factor of 5102?
False
Does 239 divide 31548?
True
Does 4 divide 652?
True
Is 2074 a multiple of 47?
False
Does 9 divide 8118?
True
Is 14 a factor of 2378?
False
Is 21 a factor of 840?
True
Is 13 a factor of 4740?
False
Is 40 a factor of 40?
True
Is 19 a factor of 10507?
True
Does 19 divide 266?
True
Is 34696 a multiple of 11?
False
Is 7 a factor of 347?
False
Does 14 divide 60876?
False
Does 53 divide 13653?
False
Is 31 a factor of 2077?
True
Is 351 even?
False
Is 1726 a multiple of 27?
False
Is 17 a factor of 25483?
True
Is 21 a factor of 39304?
False
Is 34 a factor of 124?
False
Is 33 a factor of 25107?
False
Is 6 a factor of 1357?
False
Is 24 a factor of 6888?
True
Does 22 divide 584?
False
Is 2381 a multiple of 50?
False
Is 1336 a multiple of 29?
False
Is 66225 a multiple of 25?
True
Is 25 a factor of 44075?
True
Is 27 a factor of 18354?
False
Is 130944 a multiple of 12?
True
Is 210 a multiple of 42?
True
Is 3 a factor of 4053?
True
Is 16 a factor of 2784?
True
Does 15 divide 240?
True
Is 17 a factor of 8262?
True
Does 85 divide 2635?
True
Is 3618 a multiple of 6?
True
Is 2343 a multiple of 76?
False
Is 213 a factor of 44600?
False
Is 18690 a multiple of 70?
True
Is 12 a factor of 7320?
True
Does 76 divide 2195?
False
Does 59 divide 1534?
True
Is 13 a factor of 16670?
False
Does 24 divide 10704?
True
Is 18 a factor of 6984?
True
Is 154 a multiple of 63?
False
Is 60 a factor of 6544?
False
Does 12 divide 36264?
True
Is 900 a multiple of 6?
True
Is 76 a factor of 3268?
True
Does 9 divide 2373?
False
Is 228 a multiple of 6?
True
Does 21 divide 10647?
True
Is 18 a factor of 111?
False
Does 35 divide 416?
False
Does 61 divide 27435?
False
Is 9699 a multiple of 128?
False
Is 9 a factor of 155?
False
Does 29 divide 9222?
True
Does 25 divide 1100?
True
Is 188 a factor of 19674?
False
Is 54 a factor of 1890?
True
Does 6 divide 1320?
True
Is 31 a factor of 3813?
True
Is 23 a multiple of 20?
False
Does 17 divide 10074?
False
Is 1974 a multiple of 7?
True
Is 4160 a multiple of 52?
True
Does 87 divide 16008?
True
Is 43249 a multiple of 24?
False
Is 500 a multiple of 50?
True
Is 84 a factor of 2013?
False
Is 11712 a multiple of 4?
True
Does 29 divide 4687?
False
Does 10 divide 4550?
True
Does 30 divide 660?
True
Is 30 a factor of 2130?
True
Is 312 a factor of 171912?
True
Is 271 a factor of 18482?
False
Does 35 divide 5496?
False
Is 7453 a multiple of 155?
False
Is 51 a factor of 306?
True
Is 10824 a multiple of 88?
True
Is 11 a factor of 17215?
True
Does 34 divide 57884?
False
Is 9291 a multiple of 19?
True
Is 15 a factor of 1125?
True
Does 262 divide 28820?
True
Is 1036 a multiple of 28?
True
Does 50 divide 1800?
True
Does 22 divide 6509?
False
Is 7031 a multiple of 42?
False
Is 22 a factor of 23654?
False
Is 57291 a multiple of 39?
True
Is 32832 a multiple of 76?
True
Is 18 a factor of 774?
True
Is 12285 a multiple of 105?
True
Is 56 a factor of 6832?
True
Is 540 a multiple of 12?
True
Is 29016 a multiple of 26?
True
Does 6 divide 586?
False
Does 16 divide 752?
True
Is 18 a factor of 8118?
True
Does 2 divide 2153?
False
Does 31 divide 758?
False
Does 14 divide 135?
False
Is 1050 a multiple of 15?
True
Is 22418 a multiple of 57?
False
Is 5 a factor of 16454?
False
Is 84 a factor of 2520?
True
Is 6300 a multiple of 100?
True
Is 2140 a multiple of 4?
True
Is 3 a factor of 3132?
True
Is 819 a multiple of 9?
True
Does 308 divide 37657?
False
Is 7225 a multiple of 85?
True
Is 42 a factor of 3865?
False
Does 14 divide 68?
False
Is 67 a factor of 11390?
True
Is 108 a factor of 9072?
True
Is 6 a factor of 2630?
False
Is 3374 a multiple of 3?
False
Is 13 a factor of 14118?
True
Is 4133 a multiple of 8?
False
Does 92 divide 35338?
False
Is 71979 a multiple of 16?
False
Is 1089 a multiple of 9?
True
Is 1080 a multiple of 27?
True
Is 499 a multiple of 5?
False
Is 2376 a multiple of 37?
False
Is 33 a factor of 1551?
True
Is 62452 a multiple of 17?
False
Is 91 a factor of 6259?
False
Does 8 divide 2416?
True
Is 3960 a multiple of 30?
True
Is 87 a multiple of 2